{"id":951,"date":"2025-06-05T11:53:29","date_gmt":"2025-06-05T09:53:29","guid":{"rendered":"https:\/\/perl-asso22.fr\/site2025\/?page_id=951"},"modified":"2025-06-20T13:41:36","modified_gmt":"2025-06-20T11:41:36","slug":"liens-utiles","status":"publish","type":"page","link":"https:\/\/www.perl-asso22.fr\/?page_id=951","title":{"rendered":"Liens utiles"},"content":{"rendered":"\n<h3 class=\"wp-block-heading has-text-align-center has-text-color has-link-color wp-elements-a6f2ca1c60968c65abb7720d3420bb6f\" style=\"color:#d28a42\">LIENS UTILES<\/h3>\n\n\n\n<hr class=\"wp-block-separator has-alpha-channel-opacity\"\/>\n\n\n\n<h3 class=\"wp-block-heading has-text-align-center has-text-color has-link-color wp-elements-4b639a025da9967c9c7824e5936d371f\" style=\"color:#d28a42\">Liens institutionnels :<br><br><\/h3>\n\n\n\n<div class=\"wp-block-group is-content-justification-center is-nowrap is-layout-flex wp-container-core-group-is-layout-94bc23d7 wp-block-group-is-layout-flex\">\n<div class=\"wp-block-group is-vertical is-content-justification-left is-nowrap is-layout-flex wp-container-core-group-is-layout-97735b97 wp-block-group-is-layout-flex\">\n<p class=\"has-text-align-center\">Minist\u00e8re de l&rsquo;\u00c9ducation National :<\/p>\n\n\n\n<p class=\"has-text-align-center\">Acad\u00e9mie de Rennes :<\/p>\n\n\n\n<p class=\"has-text-align-right\">DSDEN des C\u00f4tes d&rsquo;Armor :<\/p>\n\n\n\n<p style=\"font-size:16px\">Espace Num\u00e9rique de Travail :<\/p>\n\n\n\n<p>Calendrier Scolaire 2025\/2026 :<\/p>\n<\/div>\n\n\n\n<div class=\"wp-block-group is-vertical is-content-justification-left is-layout-flex wp-container-core-group-is-layout-c0ca7d81 wp-block-group-is-layout-flex\">\n<p><a href=\"https:\/\/www.education.gouv.fr\" target=\"_blank\" rel=\"noreferrer noopener\">https:\/\/www.education.gouv.fr<\/a><\/p>\n\n\n\n<p><a href=\"https:\/\/www.ac-rennes.fr\" target=\"_blank\" rel=\"noreferrer noopener\">https:\/\/www.ac-rennes.fr<\/a><\/p>\n\n\n\n<p><a href=\"https:\/\/www.ac-rennes.fr\/dsden22\" target=\"_blank\" rel=\"noreferrer noopener\">https:\/\/www.ac-rennes.fr\/dsden22<\/a><\/p>\n\n\n\n<p><a href=\"https:\/\/www.toutatice.fr\" target=\"_blank\" rel=\"noreferrer noopener\">https:\/\/www.toutatice.fr<\/a><\/p>\n\n\n\n<p><a href=\"https:\/\/www.perl-asso22.fr\/wp-content\/uploads\/2025\/06\/calendrier-scolaire-2025-2026-119770.pdf\" target=\"_blank\" rel=\"noreferrer noopener\">https:\/\/perl-asso22.fr\/calendrier<\/a><\/p>\n<\/div>\n<\/div>\n\n\n\n<hr class=\"wp-block-separator has-alpha-channel-opacity\"\/>\n\n\n\n<h3 class=\"wp-block-heading has-text-align-center has-text-color has-link-color wp-elements-6c9a382d03df33ebe187385ee7e907a0\" style=\"color:#d28a42\">Padlet CIO Lannion :<br><br><\/h3>\n\n\n\n<div class=\"wp-block-group is-content-justification-center is-nowrap is-layout-flex wp-container-core-group-is-layout-94bc23d7 wp-block-group-is-layout-flex\">\n<div class=\"wp-block-group is-vertical is-content-justification-left is-nowrap is-layout-flex wp-container-core-group-is-layout-4a7fb29f wp-block-group-is-layout-flex\">\n<p class=\"has-text-align-center\">Padlet du CIO de Lannion :<\/p>\n<\/div>\n\n\n\n<div class=\"wp-block-group is-vertical is-content-justification-left is-layout-flex wp-container-core-group-is-layout-c0ca7d81 wp-block-group-is-layout-flex\">\n<p class=\"has-text-align-left\"><a href=\"https:\/\/padlet.com\/CIOLannionGuingamp\" target=\"_blank\" rel=\"noreferrer noopener\">https:\/\/padlet.com\/CIOLannionGuingamp<\/a><\/p>\n<\/div>\n<\/div>\n\n\n\n<hr class=\"wp-block-separator has-alpha-channel-opacity\"\/>\n\n\n\n<h3 class=\"wp-block-heading has-text-align-center has-text-color has-link-color wp-elements-90476f97752711d71d007c7eecda0a0e\" style=\"color:#d28a42\">Lyc\u00e9es :<br><br><\/h3>\n\n\n\n<div class=\"wp-block-group is-content-justification-center is-nowrap is-layout-flex wp-container-core-group-is-layout-94bc23d7 wp-block-group-is-layout-flex\">\n<div class=\"wp-block-group is-vertical is-content-justification-left is-nowrap is-layout-flex wp-container-core-group-is-layout-4a7fb29f wp-block-group-is-layout-flex\">\n<p class=\"has-text-align-center\">Lyc\u00e9es G&amp;T, Professionnel F\u00e9lix Le Dantec :<\/p>\n<\/div>\n\n\n\n<div class=\"wp-block-group is-vertical is-content-justification-left is-layout-flex wp-container-core-group-is-layout-c0ca7d81 wp-block-group-is-layout-flex\">\n<p class=\"has-text-align-left\"><a href=\"https:\/\/lycee-ledantec.fr\" target=\"_blank\" rel=\"noreferrer noopener\">https:\/\/lycee-ledantec.fr<\/a><\/p>\n<\/div>\n<\/div>\n\n\n\n<hr class=\"wp-block-separator has-alpha-channel-opacity\"\/>\n\n\n\n<h3 class=\"wp-block-heading has-text-align-center has-text-color has-link-color wp-elements-dd007432f522dfd3d75d4167f84143e4\" style=\"color:#d28a42\">Coll\u00e8ges :<br><br><\/h3>\n\n\n\n<div class=\"wp-block-group is-content-justification-center is-nowrap is-layout-flex wp-container-core-group-is-layout-94bc23d7 wp-block-group-is-layout-flex\">\n<div class=\"wp-block-group is-vertical is-content-justification-left is-nowrap is-layout-flex wp-container-core-group-is-layout-4a7fb29f wp-block-group-is-layout-flex\">\n<p class=\"has-text-align-center\">Le Goffic Lannion :<\/p>\n\n\n\n<p class=\"has-text-align-center\">Coppens Lannion :<\/p>\n\n\n\n<p class=\"has-text-align-center\">Sept Iles Perros :<\/p>\n<\/div>\n\n\n\n<div class=\"wp-block-group is-vertical is-content-justification-left is-layout-flex wp-container-core-group-is-layout-c0ca7d81 wp-block-group-is-layout-flex\">\n<p><a href=\"https:\/\/www.college-le-goffic-lannion.ac-rennes.fr\" target=\"_blank\" rel=\"noreferrer noopener\">https:\/\/www.college-le-goffic-lannion.ac-rennes.fr<\/a><\/p>\n\n\n\n<p><a href=\"https:\/\/www.college-coppens-lannion.ac-rennes.fr\" target=\"_blank\" rel=\"noreferrer noopener\">https:\/\/www.college-coppens-lannion.ac-rennes.fr<\/a><\/p>\n\n\n\n<p><a href=\"https:\/\/collegeles7iles-perros-guirec.ac-rennes.fr\" target=\"_blank\" rel=\"noreferrer noopener\">https:\/\/collegeles7iles-perros-guirec.ac-rennes.fr<\/a><\/p>\n<\/div>\n<\/div>\n\n\n<style>\na {\n    color : #0693e3;\n}\n<\/style>\n","protected":false},"excerpt":{"rendered":"<p>LIENS UTILES Liens institutionnels : Minist\u00e8re de l&rsquo;\u00c9ducation National : Acad\u00e9mie de Rennes : DSDEN des C\u00f4tes d&rsquo;Armor : Espace &hellip; <\/p>\n<p><a class=\"more-link btn\" href=\"https:\/\/www.perl-asso22.fr\/?page_id=951\">Lire la suite<\/a><\/p>\n","protected":false},"author":1,"featured_media":0,"parent":0,"menu_order":49,"comment_status":"closed","ping_status":"closed","template":"","meta":{"iawp_total_views":148,"footnotes":""},"class_list":["post-951","page","type-page","status-publish","hentry","nodate","item-wrap"],"_links":{"self":[{"href":"https:\/\/www.perl-asso22.fr\/index.php?rest_route=\/wp\/v2\/pages\/951","targetHints":{"allow":["GET"]}}],"collection":[{"href":"https:\/\/www.perl-asso22.fr\/index.php?rest_route=\/wp\/v2\/pages"}],"about":[{"href":"https:\/\/www.perl-asso22.fr\/index.php?rest_route=\/wp\/v2\/types\/page"}],"author":[{"embeddable":true,"href":"https:\/\/www.perl-asso22.fr\/index.php?rest_route=\/wp\/v2\/users\/1"}],"replies":[{"embeddable":true,"href":"https:\/\/www.perl-asso22.fr\/index.php?rest_route=%2Fwp%2Fv2%2Fcomments&post=951"}],"version-history":[{"count":43,"href":"https:\/\/www.perl-asso22.fr\/index.php?rest_route=\/wp\/v2\/pages\/951\/revisions"}],"predecessor-version":[{"id":2007,"href":"https:\/\/www.perl-asso22.fr\/index.php?rest_route=\/wp\/v2\/pages\/951\/revisions\/2007"}],"wp:attachment":[{"href":"https:\/\/www.perl-asso22.fr\/index.php?rest_route=%2Fwp%2Fv2%2Fmedia&parent=951"}],"curies":[{"name":"wp","href":"https:\/\/api.w.org\/{rel}","templated":true}]}}

<h3 class="wp-block-heading has-text-align-center has-text-color has-link-color wp-elements-a6f2ca1c60968c65abb7720d3420bb6f" style="color:#d28a42">LIENS UTILES</h3>



<hr class="wp-block-separator has-alpha-channel-opacity"/>



<h3 class="wp-block-heading has-text-align-center has-text-color has-link-color wp-elements-4b639a025da9967c9c7824e5936d371f" style="color:#d28a42">Liens institutionnels :<br><br></h3>



<div class="wp-block-group is-content-justification-center is-nowrap is-layout-flex wp-container-core-group-is-layout-94bc23d7 wp-block-group-is-layout-flex">
<div class="wp-block-group is-vertical is-content-justification-left is-nowrap is-layout-flex wp-container-core-group-is-layout-97735b97 wp-block-group-is-layout-flex">
<p class="has-text-align-center">Ministère de l&rsquo;Éducation National :</p>



<p class="has-text-align-center">Académie de Rennes :</p>



<p class="has-text-align-right">DSDEN des Côtes d&rsquo;Armor :</p>



<p style="font-size:16px">Espace Numérique de Travail :</p>



<p>Calendrier Scolaire 2025/2026 :</p>
</div>



<div class="wp-block-group is-vertical is-content-justification-left is-layout-flex wp-container-core-group-is-layout-c0ca7d81 wp-block-group-is-layout-flex">
<p><a href="https://www.education.gouv.fr" target="_blank" rel="noreferrer noopener">https://www.education.gouv.fr</a></p>



<p><a href="https://www.ac-rennes.fr" target="_blank" rel="noreferrer noopener">https://www.ac-rennes.fr</a></p>



<p><a href="https://www.ac-rennes.fr/dsden22" target="_blank" rel="noreferrer noopener">https://www.ac-rennes.fr/dsden22</a></p>



<p><a href="https://www.toutatice.fr" target="_blank" rel="noreferrer noopener">https://www.toutatice.fr</a></p>



<p><a href="https://www.perl-asso22.fr/wp-content/uploads/2025/06/calendrier-scolaire-2025-2026-119770.pdf" target="_blank" rel="noreferrer noopener">https://perl-asso22.fr/calendrier</a></p>
</div>
</div>



<hr class="wp-block-separator has-alpha-channel-opacity"/>



<h3 class="wp-block-heading has-text-align-center has-text-color has-link-color wp-elements-6c9a382d03df33ebe187385ee7e907a0" style="color:#d28a42">Padlet CIO Lannion :<br><br></h3>



<div class="wp-block-group is-content-justification-center is-nowrap is-layout-flex wp-container-core-group-is-layout-94bc23d7 wp-block-group-is-layout-flex">
<div class="wp-block-group is-vertical is-content-justification-left is-nowrap is-layout-flex wp-container-core-group-is-layout-4a7fb29f wp-block-group-is-layout-flex">
<p class="has-text-align-center">Padlet du CIO de Lannion :</p>
</div>



<div class="wp-block-group is-vertical is-content-justification-left is-layout-flex wp-container-core-group-is-layout-c0ca7d81 wp-block-group-is-layout-flex">
<p class="has-text-align-left"><a href="https://padlet.com/CIOLannionGuingamp" target="_blank" rel="noreferrer noopener">https://padlet.com/CIOLannionGuingamp</a></p>
</div>
</div>



<hr class="wp-block-separator has-alpha-channel-opacity"/>



<h3 class="wp-block-heading has-text-align-center has-text-color has-link-color wp-elements-90476f97752711d71d007c7eecda0a0e" style="color:#d28a42">Lycées :<br><br></h3>



<div class="wp-block-group is-content-justification-center is-nowrap is-layout-flex wp-container-core-group-is-layout-94bc23d7 wp-block-group-is-layout-flex">
<div class="wp-block-group is-vertical is-content-justification-left is-nowrap is-layout-flex wp-container-core-group-is-layout-4a7fb29f wp-block-group-is-layout-flex">
<p class="has-text-align-center">Lycées G&amp;T, Professionnel Félix Le Dantec :</p>
</div>



<div class="wp-block-group is-vertical is-content-justification-left is-layout-flex wp-container-core-group-is-layout-c0ca7d81 wp-block-group-is-layout-flex">
<p class="has-text-align-left"><a href="https://lycee-ledantec.fr" target="_blank" rel="noreferrer noopener">https://lycee-ledantec.fr</a></p>
</div>
</div>



<hr class="wp-block-separator has-alpha-channel-opacity"/>



<h3 class="wp-block-heading has-text-align-center has-text-color has-link-color wp-elements-dd007432f522dfd3d75d4167f84143e4" style="color:#d28a42">Collèges :<br><br></h3>



<div class="wp-block-group is-content-justification-center is-nowrap is-layout-flex wp-container-core-group-is-layout-94bc23d7 wp-block-group-is-layout-flex">
<div class="wp-block-group is-vertical is-content-justification-left is-nowrap is-layout-flex wp-container-core-group-is-layout-4a7fb29f wp-block-group-is-layout-flex">
<p class="has-text-align-center">Le Goffic Lannion :</p>



<p class="has-text-align-center">Coppens Lannion :</p>



<p class="has-text-align-center">Sept Iles Perros :</p>
</div>



<div class="wp-block-group is-vertical is-content-justification-left is-layout-flex wp-container-core-group-is-layout-c0ca7d81 wp-block-group-is-layout-flex">
<p><a href="https://www.college-le-goffic-lannion.ac-rennes.fr" target="_blank" rel="noreferrer noopener">https://www.college-le-goffic-lannion.ac-rennes.fr</a></p>



<p><a href="https://www.college-coppens-lannion.ac-rennes.fr" target="_blank" rel="noreferrer noopener">https://www.college-coppens-lannion.ac-rennes.fr</a></p>



<p><a href="https://collegeles7iles-perros-guirec.ac-rennes.fr" target="_blank" rel="noreferrer noopener">https://collegeles7iles-perros-guirec.ac-rennes.fr</a></p>
</div>
</div>


<style>
a {
    color : #0693e3;
}
</style>

<p>LIENS UTILES Liens institutionnels : Ministère de l&rsquo;Éducation National : Académie de Rennes : DSDEN des Côtes d&rsquo;Armor : Espace &hellip; </p>
<p><a class="more-link btn" href="https://www.perl-asso22.fr/?page_id=951">Lire la suite</a></p>
