{"id":882,"date":"2025-06-04T15:26:22","date_gmt":"2025-06-04T13:26:22","guid":{"rendered":"https:\/\/perl-asso22.fr\/site2025\/?page_id=882"},"modified":"2026-02-04T09:03:25","modified_gmt":"2026-02-04T08:03:25","slug":"agenda","status":"publish","type":"page","link":"https:\/\/www.perl-asso22.fr\/?page_id=882","title":{"rendered":"Agendas PERL"},"content":{"rendered":"\n<h3 class=\"wp-block-heading has-text-align-center has-text-color has-link-color wp-elements-4251b7d30c59e128e3d8e0a1308ebcd9\" style=\"color:#d28a42\">AGENDAS PERL<\/h3>\n\n\n\n<hr class=\"wp-block-separator has-alpha-channel-opacity\"\/>\n\n\n\n<p>Bienvenue sur la page d\u00e9di\u00e9e aux agendas de l\u2019association PERL !<br>Retrouvez ici tous les \u00e9v\u00e9nements, r\u00e9unions et temps forts qui rythment la vie de notre communaut\u00e9.<br>Que vous soyez membre actif, parent d\u2019\u00e9l\u00e8ve ou simple curieux, cet espace vous permet de rester inform\u00e9 en temps r\u00e9el des activit\u00e9s propos\u00e9es par la PERL dans les \u00e9tablissements scolaires tout au long de l\u2019ann\u00e9e.<br>Consultez notre agenda, reflet de notre engagement collectif et de notre dynamisme associatif !<\/p>\n\n\n\n<h4 class=\"wp-block-heading has-text-color has-link-color wp-elements-e73d65e3659c690f58c0b756dddcf174\" style=\"color:#d28a42\">L\u00e9gende :<\/h4>\n\n\n\n<div class=\"wp-block-group is-nowrap is-layout-flex wp-container-core-group-is-layout-ad2f72ca wp-block-group-is-layout-flex\">\n<figure class=\"wp-block-image size-full is-resized is-style-default\"><img loading=\"lazy\" decoding=\"async\" width=\"100\" height=\"100\" src=\"https:\/\/www.perl-asso22.fr\/wp-content\/uploads\/2025\/06\/1000049672.png\" alt=\"\" class=\"wp-image-1095\" style=\"width:20px;height:auto\"\/><\/figure>\n\n\n\n<p><span style=\"text-decoration: underline;\">Agendas Lyc\u00e9es<\/span><\/p>\n<\/div>\n\n\n\n<div class=\"wp-block-group is-nowrap is-layout-flex wp-container-core-group-is-layout-ad2f72ca wp-block-group-is-layout-flex\">\n<figure class=\"wp-block-image size-full is-resized\"><img loading=\"lazy\" decoding=\"async\" width=\"100\" height=\"100\" src=\"https:\/\/www.perl-asso22.fr\/wp-content\/uploads\/2025\/06\/1000049673.png\" alt=\"\" class=\"wp-image-1096\" style=\"width:20px\"\/><\/figure>\n\n\n\n<p><span style=\"text-decoration: underline;\">Agendas Coll\u00e8ges<\/span><\/p>\n<\/div>\n\n\n\n<iframe loading=\"lazy\" src=\"https:\/\/calendar.google.com\/calendar\/embed?height=600&#038;wkst=2&#038;ctz=Europe%2FParis&#038;title=Agendas%20PERL%20%3A%20Coll%C3%A8ges%20(en%20orange)%20et%20Lyc%C3%A9es%20(en%20bleu)&#038;showTz=0&#038;mode=WEEK&#038;src=cGVybC5hc3NvMjJAZ21haWwuY29t&#038;src=YTA1ODlhMWRjNWFmZGQ0ZmJkZDBmZjc5ZjVlNzZkN2I0OGFmNzE5ZWY0YThjMjA0MmJkZmI0MzM1ZDI2ODE1YkBncm91cC5jYWxlbmRhci5nb29nbGUuY29t&#038;src=ZnIuZnJlbmNoI2hvbGlkYXlAZ3JvdXAudi5jYWxlbmRhci5nb29nbGUuY29t&#038;color=%23293f56&#038;color=%23d28a42&#038;color=%230b8043\" style=\"border:solid 1px #777\" width=\"800\" height=\"600\" frameborder=\"0\" scrolling=\"no\"><\/iframe>\n<style>\niframe {\n  margin-left: auto;\n  margin-right: auto;\n  width: 100%;\n}\n<\/style>\n","protected":false},"excerpt":{"rendered":"<p>AGENDAS PERL Bienvenue sur la page d\u00e9di\u00e9e aux agendas de l\u2019association PERL !Retrouvez ici tous les \u00e9v\u00e9nements, r\u00e9unions et temps &hellip; <\/p>\n<p><a class=\"more-link btn\" href=\"https:\/\/www.perl-asso22.fr\/?page_id=882\">Lire la suite<\/a><\/p>\n","protected":false},"author":1,"featured_media":0,"parent":0,"menu_order":52,"comment_status":"closed","ping_status":"closed","template":"","meta":{"iawp_total_views":151,"footnotes":""},"class_list":["post-882","page","type-page","status-publish","hentry","nodate","item-wrap"],"_links":{"self":[{"href":"https:\/\/www.perl-asso22.fr\/index.php?rest_route=\/wp\/v2\/pages\/882","targetHints":{"allow":["GET"]}}],"collection":[{"href":"https:\/\/www.perl-asso22.fr\/index.php?rest_route=\/wp\/v2\/pages"}],"about":[{"href":"https:\/\/www.perl-asso22.fr\/index.php?rest_route=\/wp\/v2\/types\/page"}],"author":[{"embeddable":true,"href":"https:\/\/www.perl-asso22.fr\/index.php?rest_route=\/wp\/v2\/users\/1"}],"replies":[{"embeddable":true,"href":"https:\/\/www.perl-asso22.fr\/index.php?rest_route=%2Fwp%2Fv2%2Fcomments&post=882"}],"version-history":[{"count":68,"href":"https:\/\/www.perl-asso22.fr\/index.php?rest_route=\/wp\/v2\/pages\/882\/revisions"}],"predecessor-version":[{"id":2490,"href":"https:\/\/www.perl-asso22.fr\/index.php?rest_route=\/wp\/v2\/pages\/882\/revisions\/2490"}],"wp:attachment":[{"href":"https:\/\/www.perl-asso22.fr\/index.php?rest_route=%2Fwp%2Fv2%2Fmedia&parent=882"}],"curies":[{"name":"wp","href":"https:\/\/api.w.org\/{rel}","templated":true}]}}

<h3 class="wp-block-heading has-text-align-center has-text-color has-link-color wp-elements-4251b7d30c59e128e3d8e0a1308ebcd9" style="color:#d28a42">AGENDAS PERL</h3>



<hr class="wp-block-separator has-alpha-channel-opacity"/>



<p>Bienvenue sur la page dédiée aux agendas de l’association PERL !<br>Retrouvez ici tous les événements, réunions et temps forts qui rythment la vie de notre communauté.<br>Que vous soyez membre actif, parent d’élève ou simple curieux, cet espace vous permet de rester informé en temps réel des activités proposées par la PERL dans les établissements scolaires tout au long de l’année.<br>Consultez notre agenda, reflet de notre engagement collectif et de notre dynamisme associatif !</p>



<h4 class="wp-block-heading has-text-color has-link-color wp-elements-e73d65e3659c690f58c0b756dddcf174" style="color:#d28a42">Légende :</h4>



<div class="wp-block-group is-nowrap is-layout-flex wp-container-core-group-is-layout-ad2f72ca wp-block-group-is-layout-flex">
<figure class="wp-block-image size-full is-resized is-style-default"><img loading="lazy" decoding="async" width="100" height="100" src="https://www.perl-asso22.fr/wp-content/uploads/2025/06/1000049672.png" alt="" class="wp-image-1095" style="width:20px;height:auto"/></figure>



<p><span style="text-decoration: underline;">Agendas Lycées</span></p>
</div>



<div class="wp-block-group is-nowrap is-layout-flex wp-container-core-group-is-layout-ad2f72ca wp-block-group-is-layout-flex">
<figure class="wp-block-image size-full is-resized"><img loading="lazy" decoding="async" width="100" height="100" src="https://www.perl-asso22.fr/wp-content/uploads/2025/06/1000049673.png" alt="" class="wp-image-1096" style="width:20px"/></figure>



<p><span style="text-decoration: underline;">Agendas Collèges</span></p>
</div>



<iframe loading="lazy" src="https://calendar.google.com/calendar/embed?height=600&#038;wkst=2&#038;ctz=Europe%2FParis&#038;title=Agendas%20PERL%20%3A%20Coll%C3%A8ges%20(en%20orange)%20et%20Lyc%C3%A9es%20(en%20bleu)&#038;showTz=0&#038;mode=WEEK&#038;src=cGVybC5hc3NvMjJAZ21haWwuY29t&#038;src=YTA1ODlhMWRjNWFmZGQ0ZmJkZDBmZjc5ZjVlNzZkN2I0OGFmNzE5ZWY0YThjMjA0MmJkZmI0MzM1ZDI2ODE1YkBncm91cC5jYWxlbmRhci5nb29nbGUuY29t&#038;src=ZnIuZnJlbmNoI2hvbGlkYXlAZ3JvdXAudi5jYWxlbmRhci5nb29nbGUuY29t&#038;color=%23293f56&#038;color=%23d28a42&#038;color=%230b8043" style="border:solid 1px #777" width="800" height="600" frameborder="0" scrolling="no"></iframe>
<style>
iframe {
  margin-left: auto;
  margin-right: auto;
  width: 100%;
}
</style>

<p>AGENDAS PERL Bienvenue sur la page dédiée aux agendas de l’association PERL !Retrouvez ici tous les événements, réunions et temps &hellip; </p>
<p><a class="more-link btn" href="https://www.perl-asso22.fr/?page_id=882">Lire la suite</a></p>
