{"id":546,"date":"2025-06-02T16:21:19","date_gmt":"2025-06-02T14:21:19","guid":{"rendered":"https:\/\/perl-asso22.fr\/site2025\/?page_id=546"},"modified":"2025-06-19T08:17:15","modified_gmt":"2025-06-19T06:17:15","slug":"nous-localiser","status":"publish","type":"page","link":"https:\/\/www.perl-asso22.fr\/?page_id=546","title":{"rendered":"Nous localiser"},"content":{"rendered":"\n<h3 class=\"wp-block-heading has-text-align-center has-text-color has-link-color wp-elements-cd225f2ad6acf9e3a518c77b783e51bc\" style=\"color:#d28a42\"><strong>VENIR NOUS RENCONTRER<\/strong><\/h3>\n\n\n\n<hr class=\"wp-block-separator has-alpha-channel-opacity\"\/>\n\n\n\n<h4 class=\"wp-block-heading\">PERL &#8211; Au Lyc\u00e9e F\u00e9lix Le Dantec &#8211; Rue des Cordiers &#8211; 22300 Lannion (Rez-de-chauss\u00e9e du b\u00e2timent <strong>B<\/strong>, face au GRETA)<\/h4>\n\n\n\n<figure class=\"wp-block-image alignwide size-large\"><img loading=\"lazy\" decoding=\"async\" width=\"1024\" height=\"343\" src=\"https:\/\/www.perl-asso22.fr\/wp-content\/uploads\/2025\/06\/perl_localisation-1024x343.png\" alt=\"\" class=\"wp-image-689\" srcset=\"https:\/\/www.perl-asso22.fr\/wp-content\/uploads\/2025\/06\/perl_localisation-1024x343.png 1024w, https:\/\/www.perl-asso22.fr\/wp-content\/uploads\/2025\/06\/perl_localisation-300x101.png 300w, https:\/\/www.perl-asso22.fr\/wp-content\/uploads\/2025\/06\/perl_localisation-768x257.png 768w, https:\/\/www.perl-asso22.fr\/wp-content\/uploads\/2025\/06\/perl_localisation.png 1170w\" sizes=\"auto, (max-width: 1024px) 100vw, 1024px\" \/><\/figure>\n\n\n\n<hr class=\"wp-block-separator has-text-color has-alpha-channel-opacity has-background\" style=\"background-color:#293a56;color:#293a56\"\/>\n\n\n\n<h3 class=\"wp-block-heading has-text-align-center has-text-color has-link-color wp-elements-4683e803d2ef284774c8e06d4eb0f34d\" style=\"color:#d28a42\">NOS \u00c9TABLISSEMENTS<\/h3>\n\n\n\n<hr class=\"wp-block-separator has-alpha-channel-opacity\"\/>\n\n\n\n\n\n<hr class=\"wp-block-separator has-text-color has-alpha-channel-opacity has-background\" style=\"background-color:#293f56;color:#293f56\"\/>\n\n\n\n<h3 class=\"wp-block-heading has-text-align-center has-text-color has-link-color wp-elements-f12f7cbabde1eb3cba77ca77a1be51ca\" style=\"color:#d28a42\"><strong>LES ADRES<\/strong>SES DES \u00c9TABLISSEMENTS<\/h3>\n\n\n\n<hr class=\"wp-block-separator has-alpha-channel-opacity\"\/>\n\n\n\n<ul class=\"wp-block-list\">\n<li><strong><strong>Lyc\u00e9e F\u00e9lix Le Dantec<\/strong>, <\/strong><em>Rue de Cordiers, 22300 Lannion<\/em> (Bureau PERL),<\/li>\n\n\n\n<li><strong>Coll\u00e8ge Yves Coppens<\/strong>, <em>Rue Yves Coppens, 22300 Lannion<\/em>,<\/li>\n\n\n\n<li><strong>Coll\u00e8ge Les 7 \u00eeles<\/strong>, <em>304 Rte de Plemeur Bodou, 22700 Perros-Guirec<\/em>,<\/li>\n\n\n\n<li><strong>Coll\u00e8ge Charles Le Goffic<\/strong>, <em>10 Bd d&rsquo;Armor, 22300 Lannion<\/em><\/li>\n<\/ul>\n\n\n\n<p><\/p>\n","protected":false},"excerpt":{"rendered":"<p>VENIR NOUS RENCONTRER PERL &#8211; Au Lyc\u00e9e F\u00e9lix Le Dantec &#8211; Rue des Cordiers &#8211; 22300 Lannion (Rez-de-chauss\u00e9e du b\u00e2timent &hellip; <\/p>\n<p><a class=\"more-link btn\" href=\"https:\/\/www.perl-asso22.fr\/?page_id=546\">Lire la suite<\/a><\/p>\n","protected":false},"author":1,"featured_media":0,"parent":918,"menu_order":1,"comment_status":"closed","ping_status":"closed","template":"","meta":{"iawp_total_views":102,"footnotes":""},"class_list":["post-546","page","type-page","status-publish","hentry","nodate","item-wrap"],"_links":{"self":[{"href":"https:\/\/www.perl-asso22.fr\/index.php?rest_route=\/wp\/v2\/pages\/546","targetHints":{"allow":["GET"]}}],"collection":[{"href":"https:\/\/www.perl-asso22.fr\/index.php?rest_route=\/wp\/v2\/pages"}],"about":[{"href":"https:\/\/www.perl-asso22.fr\/index.php?rest_route=\/wp\/v2\/types\/page"}],"author":[{"embeddable":true,"href":"https:\/\/www.perl-asso22.fr\/index.php?rest_route=\/wp\/v2\/users\/1"}],"replies":[{"embeddable":true,"href":"https:\/\/www.perl-asso22.fr\/index.php?rest_route=%2Fwp%2Fv2%2Fcomments&post=546"}],"version-history":[{"count":27,"href":"https:\/\/www.perl-asso22.fr\/index.php?rest_route=\/wp\/v2\/pages\/546\/revisions"}],"predecessor-version":[{"id":1956,"href":"https:\/\/www.perl-asso22.fr\/index.php?rest_route=\/wp\/v2\/pages\/546\/revisions\/1956"}],"up":[{"embeddable":true,"href":"https:\/\/www.perl-asso22.fr\/index.php?rest_route=\/wp\/v2\/pages\/918"}],"wp:attachment":[{"href":"https:\/\/www.perl-asso22.fr\/index.php?rest_route=%2Fwp%2Fv2%2Fmedia&parent=546"}],"curies":[{"name":"wp","href":"https:\/\/api.w.org\/{rel}","templated":true}]}}

<h3 class="wp-block-heading has-text-align-center has-text-color has-link-color wp-elements-cd225f2ad6acf9e3a518c77b783e51bc" style="color:#d28a42"><strong>VENIR NOUS RENCONTRER</strong></h3>



<hr class="wp-block-separator has-alpha-channel-opacity"/>



<h4 class="wp-block-heading">PERL &#8211; Au Lycée Félix Le Dantec &#8211; Rue des Cordiers &#8211; 22300 Lannion (Rez-de-chaussée du bâtiment <strong>B</strong>, face au GRETA)</h4>



<figure class="wp-block-image alignwide size-large"><img loading="lazy" decoding="async" width="1024" height="343" src="https://www.perl-asso22.fr/wp-content/uploads/2025/06/perl_localisation-1024x343.png" alt="" class="wp-image-689" srcset="https://www.perl-asso22.fr/wp-content/uploads/2025/06/perl_localisation-1024x343.png 1024w, https://www.perl-asso22.fr/wp-content/uploads/2025/06/perl_localisation-300x101.png 300w, https://www.perl-asso22.fr/wp-content/uploads/2025/06/perl_localisation-768x257.png 768w, https://www.perl-asso22.fr/wp-content/uploads/2025/06/perl_localisation.png 1170w" sizes="auto, (max-width: 1024px) 100vw, 1024px" /></figure>



<hr class="wp-block-separator has-text-color has-alpha-channel-opacity has-background" style="background-color:#293a56;color:#293a56"/>



<h3 class="wp-block-heading has-text-align-center has-text-color has-link-color wp-elements-4683e803d2ef284774c8e06d4eb0f34d" style="color:#d28a42">NOS ÉTABLISSEMENTS</h3>



<hr class="wp-block-separator has-alpha-channel-opacity"/>





<hr class="wp-block-separator has-text-color has-alpha-channel-opacity has-background" style="background-color:#293f56;color:#293f56"/>



<h3 class="wp-block-heading has-text-align-center has-text-color has-link-color wp-elements-f12f7cbabde1eb3cba77ca77a1be51ca" style="color:#d28a42"><strong>LES ADRES</strong>SES DES ÉTABLISSEMENTS</h3>



<hr class="wp-block-separator has-alpha-channel-opacity"/>



<ul class="wp-block-list">
<li><strong><strong>Lycée Félix Le Dantec</strong>, </strong><em>Rue de Cordiers, 22300 Lannion</em> (Bureau PERL),</li>



<li><strong>Collège Yves Coppens</strong>, <em>Rue Yves Coppens, 22300 Lannion</em>,</li>



<li><strong>Collège Les 7 îles</strong>, <em>304 Rte de Plemeur Bodou, 22700 Perros-Guirec</em>,</li>



<li><strong>Collège Charles Le Goffic</strong>, <em>10 Bd d&rsquo;Armor, 22300 Lannion</em></li>
</ul>



<p></p>

<p>VENIR NOUS RENCONTRER PERL &#8211; Au Lycée Félix Le Dantec &#8211; Rue des Cordiers &#8211; 22300 Lannion (Rez-de-chaussée du bâtiment &hellip; </p>
<p><a class="more-link btn" href="https://www.perl-asso22.fr/?page_id=546">Lire la suite</a></p>
