{"id":471,"date":"2025-06-02T13:05:40","date_gmt":"2025-06-02T11:05:40","guid":{"rendered":"https:\/\/perl-asso22.fr\/site2025\/?page_id=471"},"modified":"2026-02-13T15:09:26","modified_gmt":"2026-02-13T14:09:26","slug":"nos-actions","status":"publish","type":"page","link":"https:\/\/www.perl-asso22.fr\/?page_id=471","title":{"rendered":"Nos actions"},"content":{"rendered":"\n<meta http-equiv=\"refresh\" content=\"0; url=https:\/\/perl-asso22.fr\/?page_id=1101\/\" \/>\n\n\n\n<h3 class=\"wp-block-heading has-text-align-center has-text-color has-link-color wp-elements-647128015b0f9d3c7dc3b8c8523486dd\" style=\"color:#d28a42\"><strong>LOCATION MANUELS SCOLAIRES<\/strong><\/h3>\n\n\n\n<hr class=\"wp-block-separator has-alpha-channel-opacity\"\/>\n\n\n\n<p class=\"has-text-align-left has-text-color has-link-color wp-elements-9d6797231eff0c628fbbba26129044fc\" style=\"color:#d28a42\"><strong><span style=\"text-decoration: underline;\">Mise \u00e0 disposition de manuels scolaires :<\/span><\/strong><\/p>\n\n\n\n<p>Ces derni\u00e8res ann\u00e9es, la PERL vous permettait de disposer de l\u2019ensemble des collections de livres pour le montant de l\u2019adh\u00e9sion \u00e0 l\u2019association.<br>Au fil du temps, l\u2019aide accord\u00e9e par la R\u00e9gion Bretagne, subventionnant l\u2019achat de manuels, est all\u00e9e en diminuant, affect\u00e9e \u00e0 d\u2019autres priorit\u00e9s.<br>La R\u00e9gion Bretagne versait 50\u20ac\/\u00e9l\u00e8ve en 2021 ; 15\u20ac\/\u00e9l\u00e8ve en 2023.<br>Depuis la rentr\u00e9e 2024\/2025, notre subvention r\u00e9gionale est totalement supprim\u00e9e.<\/p>\n\n\n\n<p>Les associations de parents, qui g\u00e8rent le pr\u00eat des livres scolaires, ont donc demand\u00e9 au lyc\u00e9e de limiter au maximum l\u2019achat de nouveaux manuels, et de s\u2019en tenir \u00e0 ceux consid\u00e9r\u00e9s comme indispensables.<\/p>\n\n\n<div class=\"wp-block-image\">\n<figure class=\"aligncenter\"><img loading=\"lazy\" decoding=\"async\" width=\"550\" height=\"448\" src=\"https:\/\/perl-asso22.fr\/site2025\/wp-content\/uploads\/2025\/05\/livres_perl.png\" alt=\"\" class=\"wp-image-194\" srcset=\"https:\/\/www.perl-asso22.fr\/wp-content\/uploads\/2025\/05\/livres_perl.png 550w, https:\/\/www.perl-asso22.fr\/wp-content\/uploads\/2025\/05\/livres_perl-300x244.png 300w\" sizes=\"auto, (max-width: 550px) 100vw, 550px\" \/><\/figure>\n<\/div>\n\n\n<p class=\"has-text-color has-link-color wp-elements-1eec27a04a830d7a48ffb0731457ec14\" style=\"color:#d28a42\"><strong><span style=\"text-decoration: underline;\">IMPORTANT : Le fond social lyc\u00e9en peut apporter une aide financi\u00e8re aux familles en difficult\u00e9 et\/ou boursi\u00e8re, notamment pour la location de livres.<\/span><\/strong><\/p>\n\n\n\n<p>La demande doit \u00eatre d\u00e9pos\u00e9e au lyc\u00e9e :<\/p>\n\n\n\n<p class=\"list-1\">\u2013 Aupr\u00e8s de l\u2019assistante sociale pour le lyc\u00e9e professionnel,<br>\u2013 Aupr\u00e8s du secr\u00e9tariat du proviseur pour le lyc\u00e9e g\u00e9n\u00e9ral et technologique.<\/p>\n\n\n\n<p class=\"has-text-align-left has-background-color has-text-color has-link-color wp-elements-6ca1d9005a1b4e0c1d1f06217b589a92\" style=\"margin-bottom:0px\">Plus d\u2019information sur notre page :\u00a0<a href=\"https:\/\/perl-asso22.fr\/?page_id=1149\" data-type=\"page\" data-id=\"1149\">Aides sociales<\/a><\/p>\n","protected":false},"excerpt":{"rendered":"<p>LOCATION MANUELS SCOLAIRES Mise \u00e0 disposition de manuels scolaires : Ces derni\u00e8res ann\u00e9es, la PERL vous permettait de disposer de &hellip; <\/p>\n<p><a class=\"more-link btn\" href=\"https:\/\/www.perl-asso22.fr\/?page_id=471\">Lire la suite<\/a><\/p>\n","protected":false},"author":1,"featured_media":0,"parent":0,"menu_order":3,"comment_status":"closed","ping_status":"closed","template":"","meta":{"iawp_total_views":69,"footnotes":""},"class_list":["post-471","page","type-page","status-publish","hentry","nodate","item-wrap"],"_links":{"self":[{"href":"https:\/\/www.perl-asso22.fr\/index.php?rest_route=\/wp\/v2\/pages\/471","targetHints":{"allow":["GET"]}}],"collection":[{"href":"https:\/\/www.perl-asso22.fr\/index.php?rest_route=\/wp\/v2\/pages"}],"about":[{"href":"https:\/\/www.perl-asso22.fr\/index.php?rest_route=\/wp\/v2\/types\/page"}],"author":[{"embeddable":true,"href":"https:\/\/www.perl-asso22.fr\/index.php?rest_route=\/wp\/v2\/users\/1"}],"replies":[{"embeddable":true,"href":"https:\/\/www.perl-asso22.fr\/index.php?rest_route=%2Fwp%2Fv2%2Fcomments&post=471"}],"version-history":[{"count":14,"href":"https:\/\/www.perl-asso22.fr\/index.php?rest_route=\/wp\/v2\/pages\/471\/revisions"}],"predecessor-version":[{"id":1963,"href":"https:\/\/www.perl-asso22.fr\/index.php?rest_route=\/wp\/v2\/pages\/471\/revisions\/1963"}],"wp:attachment":[{"href":"https:\/\/www.perl-asso22.fr\/index.php?rest_route=%2Fwp%2Fv2%2Fmedia&parent=471"}],"curies":[{"name":"wp","href":"https:\/\/api.w.org\/{rel}","templated":true}]}}

<meta http-equiv="refresh" content="0; url=https://perl-asso22.fr/?page_id=1101/" />



<h3 class="wp-block-heading has-text-align-center has-text-color has-link-color wp-elements-647128015b0f9d3c7dc3b8c8523486dd" style="color:#d28a42"><strong>LOCATION MANUELS SCOLAIRES</strong></h3>



<hr class="wp-block-separator has-alpha-channel-opacity"/>



<p class="has-text-align-left has-text-color has-link-color wp-elements-9d6797231eff0c628fbbba26129044fc" style="color:#d28a42"><strong><span style="text-decoration: underline;">Mise à disposition de manuels scolaires :</span></strong></p>



<p>Ces dernières années, la PERL vous permettait de disposer de l’ensemble des collections de livres pour le montant de l’adhésion à l’association.<br>Au fil du temps, l’aide accordée par la Région Bretagne, subventionnant l’achat de manuels, est allée en diminuant, affectée à d’autres priorités.<br>La Région Bretagne versait 50€/élève en 2021 ; 15€/élève en 2023.<br>Depuis la rentrée 2024/2025, notre subvention régionale est totalement supprimée.</p>



<p>Les associations de parents, qui gèrent le prêt des livres scolaires, ont donc demandé au lycée de limiter au maximum l’achat de nouveaux manuels, et de s’en tenir à ceux considérés comme indispensables.</p>


<div class="wp-block-image">
<figure class="aligncenter"><img loading="lazy" decoding="async" width="550" height="448" src="https://perl-asso22.fr/site2025/wp-content/uploads/2025/05/livres_perl.png" alt="" class="wp-image-194" srcset="https://www.perl-asso22.fr/wp-content/uploads/2025/05/livres_perl.png 550w, https://www.perl-asso22.fr/wp-content/uploads/2025/05/livres_perl-300x244.png 300w" sizes="auto, (max-width: 550px) 100vw, 550px" /></figure>
</div>


<p class="has-text-color has-link-color wp-elements-1eec27a04a830d7a48ffb0731457ec14" style="color:#d28a42"><strong><span style="text-decoration: underline;">IMPORTANT : Le fond social lycéen peut apporter une aide financière aux familles en difficulté et/ou boursière, notamment pour la location de livres.</span></strong></p>



<p>La demande doit être déposée au lycée :</p>



<p class="list-1">– Auprès de l’assistante sociale pour le lycée professionnel,<br>– Auprès du secrétariat du proviseur pour le lycée général et technologique.</p>



<p class="has-text-align-left has-background-color has-text-color has-link-color wp-elements-6ca1d9005a1b4e0c1d1f06217b589a92" style="margin-bottom:0px">Plus d’information sur notre page : <a href="https://perl-asso22.fr/?page_id=1149" data-type="page" data-id="1149">Aides sociales</a></p>

<p>LOCATION MANUELS SCOLAIRES Mise à disposition de manuels scolaires : Ces dernières années, la PERL vous permettait de disposer de &hellip; </p>
<p><a class="more-link btn" href="https://www.perl-asso22.fr/?page_id=471">Lire la suite</a></p>
