{"id":132,"date":"2025-05-28T11:00:52","date_gmt":"2025-05-28T09:00:52","guid":{"rendered":"https:\/\/perl-asso22.fr\/site2025\/?page_id=132"},"modified":"2025-06-12T15:57:19","modified_gmt":"2025-06-12T13:57:19","slug":"commissions-et-comites","status":"publish","type":"page","link":"https:\/\/www.perl-asso22.fr\/?page_id=132","title":{"rendered":"Commissions et Comit\u00e9s"},"content":{"rendered":"\n<h3 class=\"wp-block-heading has-text-align-center has-text-color has-link-color wp-elements-cc99882b0eab45d5abc0bbc399fb3192\" style=\"color:#d28a42\"><strong>LES COMMISSIONS &amp; LES COMIT\u00c9S<\/strong><\/h3>\n\n\n\n<hr class=\"wp-block-separator has-text-color has-background-color has-alpha-channel-opacity has-background-background-color has-background is-style-default\"\/>\n\n\n\n<h4 class=\"wp-block-heading has-text-align-center has-text-color has-link-color wp-elements-79396ab97a6c171c76b59ab1af3f95a5\" style=\"color:#d28a42\"><span style=\"text-decoration: underline;\"><strong>LE COMIT\u00c9 HYGI\u00c8NE ET S\u00c9CURIT\u00c9 <\/strong><\/span><strong>:<\/strong><\/h4>\n\n\n\n<\/br>\n\n\n\n<p class=\"has-text-align-left has-background-color has-text-color has-link-color wp-elements-5494f7d3a71e3dcb90847bcc16910812\" style=\"margin-top:0px;margin-bottom:0px;line-height:1.3\">Missions :<\/p>\n\n\n\n<p class=\"has-text-align-left has-background-color has-text-color has-link-color wp-elements-7f955d27d1e225f7fffdac9a1350c346\" style=\"margin-top:0px;margin-bottom:0px;line-height:1.3\"><\/p>\n\n\n\n<p class=\"has-text-align-left list-1 has-background-color has-text-color has-link-color wp-elements-1b16129d8b56a56abfde34e8dc016b29\" style=\"margin-top:0px;margin-bottom:0px;line-height:1.3\">&#8211; Promouvoir la formation \u00e0 la s\u00e9curit\u00e9 pour les \u00e9l\u00e8ves et les personnels.<br>&#8211; Contribuer \u00e0 l&rsquo;am\u00e9lioration des conditions d&rsquo;hygi\u00e8ne et de s\u00e9curit\u00e9 dans l&rsquo;\u00e9tablissement.<br>&#8211; S&rsquo;int\u00e9resser aux conditions de travail des \u00e9l\u00e8ves et des personnels. Visiter tous les locaux de l&rsquo;\u00e9tablissement.<br>&#8211; Rendre des avis et faire des propositions.<br>&#8211; Rechercher une m\u00e9thodologie pour donner un caract\u00e8re rigoureux aux avis de la commission, bas\u00e9e sur des crit\u00e8res et des indicateurs pertinents et objectifs : nombre, fr\u00e9quence, nature et gravit\u00e9 des accidents ou des incidents, \u00e9valuation des risques.<br>&#8211; Effectuer des \u00e9tudes et des enqu\u00eates sur la nature des risques, les accidents qui seront intervenus ou sur le point d&rsquo;intervenir, ainsi que les moyens pour y remedier, cr\u00e9er des groupes de travail pour instruire un dossier.<\/p>\n\n\n\n<hr class=\"wp-block-separator has-alpha-channel-opacity\"\/>\n\n\n\n<h4 class=\"wp-block-heading has-text-align-center has-text-color has-link-color wp-elements-b8ed8c1911c7d2d3a665825fb19929f1\" style=\"color:#d28a42\"><span style=\"text-decoration: underline;\"><strong>LA COMMISSION \u00c9DUCATIVE :<\/strong><\/span><\/h4>\n\n\n\n<\/br>\n\n\n\n<p class=\"has-text-align-left has-background-color has-text-color has-link-color wp-elements-e1219a5d805ac39d7dbc046bd3065c49\" style=\"margin-top:0px;line-height:1.3\">Cette commission, qui est pr\u00e9sid\u00e9e par le chef d&rsquo;\u00e9tablissement ou son repr\u00e9sentant, comprend notamment des personnels de l&rsquo;\u00e9tablissement, dont au moins un professeur, et au moins un parent d&rsquo;\u00e9l\u00e8ve. Sa composition est arr\u00eat\u00e9e par le conseil d&rsquo;administration et inscrite dans le r\u00e8glement int\u00e9rieur de l&rsquo;\u00e9tablissement qui fixe les modalit\u00e9s de son fonctionnement. Elle associe toute personne susceptible d&rsquo;apporter des \u00e9l\u00e9ments permettant de mieux appr\u00e9hender la situation de l&rsquo;\u00e9l\u00e8ve concern\u00e9.<br><br>Elle a pour mission d&rsquo;examiner la situation d&rsquo;un \u00e9l\u00e8ve dont le comportement est inadapt\u00e9 aux r\u00e8gles de vie dans l&rsquo;\u00e9tablissement et de favoriser la recherche d&rsquo;une r\u00e9ponse \u00e9ducative personnalis\u00e9e.<\/p>\n\n\n\n<p class=\"has-text-align-left has-background-color has-text-color has-link-color wp-elements-6195785028e76fadd4113c30222c0b84\" style=\"margin-top:0px;line-height:1.3\">Elle est \u00e9galement consult\u00e9e en cas d&rsquo;incidents impliquant plusieurs \u00e9l\u00e8ves. La commission \u00e9ducative assure le suivi de l&rsquo;application des mesures de pr\u00e9vention et d&rsquo;accompagnement, des mesures de pr\u00e9vention et d&rsquo;accompagnement, des mesures de responsabilisation ainsi que des mesures alternatives aux sanctions.<\/p>\n\n\n\n<hr class=\"wp-block-separator has-alpha-channel-opacity\"\/>\n\n\n\n<h4 class=\"wp-block-heading has-text-align-center has-text-color has-link-color wp-elements-02fc298fcb4dba9e32bb1e281519c552\" style=\"color:#d28a42\"><span style=\"text-decoration: underline;\">LE CONSEIL DE DISCIPLINE :<\/span><\/h4>\n\n\n\n<\/br>\n\n\n\n<p class=\"has-text-align-left has-background-color has-text-color has-link-color wp-elements-e24d382b0e81899307224a4391847c1d\" style=\"margin-top:0px;margin-bottom:0px;line-height:1.3\">Composition :<\/p>\n\n\n\n<p class=\"has-text-align-left has-background-color has-text-color has-link-color wp-elements-7f955d27d1e225f7fffdac9a1350c346\" style=\"margin-top:0px;margin-bottom:0px;line-height:1.3\"><\/p>\n\n\n\n<p class=\"has-text-align-left list-1 has-background-color has-text-color has-link-color wp-elements-8b95f86cec37c26325560c69f5353d49\" style=\"margin-top:0px;margin-bottom:0px;line-height:1.3\">&#8211; 4 membres de droit : le chef d&rsquo;\u00e9tablissement, un adjoint, un CPE et la gestionnaire.<\/p>\n\n\n\n<p class=\"has-text-align-left list-1\">&#8211; 10 membres \u00e9lus : 5 repr\u00e9sentants des personnels, 3 repr\u00e9sentants des parents (coll\u00e8ges) ou 2 (lyc\u00e9es), 2 repr\u00e9sentants des \u00e9l\u00e8ves (coll\u00e8ges) ou 3 (lyc\u00e9es).<\/p>\n\n\n\n<p class=\"has-text-align-left\">Pour chaque membre \u00e9lu est d\u00e9sign\u00e9 un suppl\u00e9ant dans les m\u00eames conditions.<\/p>\n\n\n\n<p class=\"has-text-align-left\">Les membres de droit n\u2019ont pas de suppl\u00e9ant et ne sont pas remplac\u00e9s en cas d\u2019absence.<\/p>\n\n\n\n<p class=\"has-text-align-left\">Missions :&nbsp;La saisine du conseil de discipline rel\u00e8ve des proc\u00e9dures disciplinaires. Il se r\u00e9unit pour examiner de mani\u00e8re contradictoire les manquements les plus graves au r\u00e8glement int\u00e9rieur dans une configuration empreinte de solennit\u00e9. La proc\u00e9dure en amont et en aval est tr\u00e8s stricte et est susceptible de recours en cas d\u2019irr\u00e9gularit\u00e9.<\/p>\n\n\n\n<hr class=\"wp-block-separator has-alpha-channel-opacity\"\/>\n\n\n\n<h4 class=\"wp-block-heading has-text-align-center has-text-color has-link-color wp-elements-88f0bcbf6caa4072a66871c1f7081daa\" style=\"color:#d28a42\"><span style=\"text-decoration: underline;\">LE COMITE D\u2019\u00c9DUCATION A LA SANT\u00c9 ET A LA CITOYENNET\u00c9 (CESC) :<\/span><\/h4>\n\n\n\n<\/br>\n\n\n\n<p class=\"has-text-align-left has-background-color has-text-color has-link-color wp-elements-e41817857fe6aace6aa8e4a6b7131b27\" style=\"margin-top:0px;margin-bottom:0px;line-height:1.3\">Le comit\u00e9 d\u2019\u00e9ducation \u00e0 la sant\u00e9 et \u00e0 la citoyennet\u00e9 exerce les missions suivantes :<\/p>\n\n\n\n<p class=\"has-text-align-left has-background-color has-text-color has-link-color wp-elements-7f955d27d1e225f7fffdac9a1350c346\" style=\"margin-top:0px;margin-bottom:0px;line-height:1.3\"><\/p>\n\n\n\n<p class=\"has-text-align-left list-1 has-background-color has-text-color has-link-color wp-elements-50b862daf95116bb04816234b8bf5c69\" style=\"margin-top:0px;margin-bottom:0px;line-height:1.3\">&#8211; Il contribue \u00e0 l\u2019\u00e9ducation \u00e0 la citoyennet\u00e9 ;<br>&#8211; Il pr\u00e9pare le plan de pr\u00e9vention de la violence ;<br>&#8211; Il propose des actions pour aider les parents en difficult\u00e9 et lutter contre l\u2019exclusion ;<br>&#8211; Il d\u00e9finit un programme d\u2019\u00e9ducation \u00e0 la sant\u00e9 et \u00e0 la sexualit\u00e9 et de pr\u00e9vention des comportements \u00e0 risques.<br>&#8211; Rechercher une m\u00e9thodologie pour donner un caract\u00e8re rigoureux aux avis de la commission, bas\u00e9e sur des crit\u00e8res et des indicateurs pertinents et objectifs : nombre, fr\u00e9quence, nature et gravit\u00e9 des accidents ou des incidents, \u00e9valuation des risques.<br>&#8211; Effectuer des \u00e9tudes et des enqu\u00eates sur la nature des risques, les accidents qui seront intervenus ou sur le point d\u2019intervenir, ainsi que les moyens pour y rem\u00e9dier, cr\u00e9er des groupes de travail pour instruire un dossier.<\/p>\n\n\n\n<p class=\"has-text-align-left list-1 has-background-color has-text-color has-link-color wp-elements-cc4f7ac3fb603213ea6aee5d3a3839af\" style=\"margin-top:0px;margin-bottom:0px;line-height:1.3\"><\/p>\n\n\n\n<p><\/p>\n\n\n\n<p class=\"has-text-align-left has-background-color has-text-color has-link-color wp-elements-8aa1fb0fe3ee4c838a760d452aab0256\" style=\"margin-top:0px;margin-bottom:0px;line-height:1.3\">Le CESC, pr\u00e9sid\u00e9 par le chef d\u2019\u00e9tablissement, s\u2019inscrit dans le pilotage de l\u2019\u00e9tablissement. <\/p>\n\n\n\n<p class=\"has-text-align-left has-background-color has-text-color has-link-color wp-elements-aaa8f16067e2d5bac4aa4b3646f20231\" style=\"margin-top:0px;margin-bottom:0px;line-height:1.3\"><br>Il comprend :<\/p>\n\n\n\n<p class=\"has-text-align-left has-background-color has-text-color has-link-color wp-elements-7f955d27d1e225f7fffdac9a1350c346\" style=\"margin-top:0px;margin-bottom:0px;line-height:1.3\"><\/p>\n\n\n\n<p class=\"has-text-align-left list-1\">\u2013 les personnels d\u2019\u00e9ducation, sociaux et de sant\u00e9 de l\u2019\u00e9tablissement ;<br>\u2013 des repr\u00e9sentants des personnels enseignants, des parents et des \u00e9l\u00e8ves d\u00e9sign\u00e9s par le chef d\u2019\u00e9tablissement sur proposition des membres du conseil d\u2019administration appartenant \u00e0 leurs cat\u00e9gories respectives ;<br>\u2013 les repr\u00e9sentants de la commune et de la collectivit\u00e9 de rattachement au sein de ce conseil.<\/p>\n\n\n\n<p class=\"has-text-align-left\">Le comit\u00e9 d\u2019\u00e9ducation \u00e0 la sant\u00e9 et \u00e0 la citoyennet\u00e9 est r\u00e9uni \u00e0 l\u2019initiative du chef d\u2019\u00e9tablissement ou \u00e0 la demande du conseil d\u2019administration.<\/p>\n\n\n\n<hr class=\"wp-block-separator has-alpha-channel-opacity\"\/>\n\n\n\n<h4 class=\"wp-block-heading has-text-align-center has-text-color has-link-color wp-elements-bb51b200c0a13a35b46b9ad6ddfcd506\" style=\"color:#d28a42\"><span style=\"text-decoration: underline;\">LE CONSEIL DE VIE LYC\u00c9ENNE (CVL) :<\/span><\/h4>\n\n\n\n<\/br>\n\n\n\n<p class=\"has-text-align-left has-background-color has-text-color has-link-color wp-elements-e24d382b0e81899307224a4391847c1d\" style=\"margin-top:0px;margin-bottom:0px;line-height:1.3\">Composition :<\/p>\n\n\n\n<p class=\"has-text-align-left has-background-color has-text-color has-link-color wp-elements-7f955d27d1e225f7fffdac9a1350c346\" style=\"margin-top:0px;margin-bottom:0px;line-height:1.3\"><\/p>\n\n\n\n<p class=\"has-text-align-left list-1 has-background-color has-text-color has-link-color wp-elements-896f733b801f79b6ebdb902263072bf7\" style=\"margin-top:0px;margin-bottom:0px;line-height:1.3\">\u2013 Le chef d\u2019\u00e9tablissement,<br>\u2013 Trois lyc\u00e9ens \u00e9lus au sein de l\u2019assembl\u00e9e g\u00e9n\u00e9rale des d\u00e9l\u00e9gu\u00e9s des \u00e9l\u00e8ves et sept lyc\u00e9ens \u00e9lus par l\u2019ensemble des \u00e9l\u00e8ves,<br>\u2013 Cinq repr\u00e9sentants des personnels d\u2019enseignement et d\u2019\u00e9ducation d\u00e9sign\u00e9s chaque ann\u00e9e par le conseil d\u2019administration parmi les personnels d\u2019enseignement et d\u2019\u00e9ducation volontaires de l\u2019\u00e9tablissement,<br>\u2013 Trois repr\u00e9sentants des personnels administratifs, sociaux et de sant\u00e9, techniques, ouvriers et de service volontaires de l\u2019\u00e9tablissement qui sont d\u00e9sign\u00e9s chaque ann\u00e9e par le conseil d\u2019administration. Peut \u00eatre d\u00e9sign\u00e9 dans sa cat\u00e9gorie respective, tout personnel volontaire de l\u2019\u00e9tablissement appartenant \u00e0 cette cat\u00e9gorie, qu\u2019il soit ou non membre du conseil d\u2019administration.<br>\u2013 Deux repr\u00e9sentants des parents d\u2019\u00e9l\u00e8ves sont \u00e9lus au sein du conseil d\u2019administration par les parents d\u2019\u00e9l\u00e8ves si\u00e9geant \u00e0 ce conseil.<\/p>\n\n\n\n<p class=\"has-text-align-left\"><\/p>\n\n\n\n<p class=\"has-text-align-left has-background-color has-text-color has-link-color wp-elements-7fc41821970d1a2cf4835b56e0129213\" style=\"margin-top:0px;margin-bottom:0px;line-height:1.3\">Le CVL formule des propositions sur la formation des repr\u00e9sentants des \u00e9l\u00e8ves et les conditions d\u2019utilisation des fonds lyc\u00e9ens.<\/p>\n\n\n\n<p class=\"has-text-align-left has-background-color has-text-color has-link-color wp-elements-dd4813341cac7a1ff2d93846f4f1816c\" style=\"margin-top:0px;margin-bottom:0px;line-height:1.3\"><br>Il est obligatoirement consult\u00e9 sur les questions suivantes :<\/p>\n\n\n\n<p class=\"has-text-align-left has-background-color has-text-color has-link-color wp-elements-7f955d27d1e225f7fffdac9a1350c346\" style=\"margin-top:0px;margin-bottom:0px;line-height:1.3\"><\/p>\n\n\n\n<p class=\"has-text-align-left list-1\">&#8211; Les principes g\u00e9n\u00e9raux de l\u2019organisation des \u00e9tudes, l\u2019organisation du temps scolaire et l\u2019\u00e9laboration du projet d\u2019\u00e9tablissement ainsi que l\u2019\u00e9laboration ou la modification du r\u00e8glement int\u00e9rieur ;<br>&#8211; Les modalit\u00e9s g\u00e9n\u00e9rales de l\u2019organisation du travail personnel et du soutien des \u00e9l\u00e8ve ;<br>&#8211; L\u2019information li\u00e9e \u00e0 l\u2019orientation et portant sur les \u00e9tudes scolaires et universitaires, sur les carri\u00e8res professionnelles ;<br>&#8211; La sant\u00e9, l\u2019hygi\u00e8ne et la s\u00e9curit\u00e9 et l\u2019am\u00e9nagement des espaces destin\u00e9s \u00e0 la vie lyc\u00e9enne ;<br>&#8211; L\u2019organisation des activit\u00e9s sportives, culturelles et p\u00e9riscolaires.<\/p>\n\n\n\n<p class=\"has-text-align-left\">Il peut adopter des v\u0153ux dans son domaine de comp\u00e9tences.<\/p>\n\n\n\n<hr class=\"wp-block-separator has-alpha-channel-opacity\"\/>\n\n\n\n<h4 class=\"wp-block-heading has-text-align-center has-text-color has-link-color wp-elements-8eb8f53e646ef48bd91403c6c5a367f8\" style=\"color:#d28a42\"><span style=\"text-decoration: underline;\">FONDS SOCIAL LYCEEN OU COLLEGIEN :<\/span><\/h4>\n\n\n\n<\/br>\n\n\n\n<p class=\"has-text-align-left\">Le fonds social est une aide destin\u00e9e aux familles ayant des difficult\u00e9s \u00e0 faire face aux d\u00e9penses de scolarit\u00e9 et de vie scolaire de leur enfant. Il peut s&rsquo;agir de tout ou partie des frais d&rsquo;internat, de demi-pension, de transport, de sorties scolaires, d&rsquo;achat de mat\u00e9riels de sport ou de fournitures et manuels scolaires. Cette aide exceptionnelle est accord\u00e9e sur dossier par le chef \u00e9tablissement.<\/p>\n\n\n\n<p class=\"has-text-align-left\">Se r\u00e9unit trois fois par an au lyc\u00e9e F\u00e9lix Le Dantec.<\/p>\n\n\n\n<hr class=\"wp-block-separator has-alpha-channel-opacity\"\/>\n\n\n\n<h4 class=\"wp-block-heading has-text-align-center has-text-color has-link-color wp-elements-792c440cadbb5e4dea723910c2809088\" style=\"color:#d28a42\"><span style=\"text-decoration: underline;\">COMMISSION PERMANENTE :<\/span><\/h4>\n\n\n\n<\/br>\n\n\n\n<p class=\"has-text-align-left\">Elle instruit les questions soumises \u00e0 l\u2019examen du CA et se r\u00e9unit le plus souvent une fois par an, pour pr\u00e9senter la DGH (Dotation Globale Horaire) (ou DHG).<br>Ce terme r\u00e9barbatif d\u00e9signe le carburant indispensable de l\u2019\u00e9tablissement du second degr\u00e9.<br>La Dotation Horaire Globale est le volume d\u2019heures d\u00e9volu au fonctionnement des enseignements.<br>Chaque \u00e9tablissement re\u00e7oit une DHG qui lui est attribu\u00e9e par l\u2019Inspection d\u2019Acad\u00e9mie pour les coll\u00e8ges, et par le Rectorat pour les lyc\u00e9es. <\/p>\n\n\n\n<p class=\"has-text-align-left has-background-color has-text-color has-link-color wp-elements-4c0c2b1b986b78e16984eca8ef6a6471\" style=\"margin-top:0px;margin-bottom:0px;line-height:1.3\">Elle comporte :<\/p>\n\n\n\n<p class=\"has-text-align-left has-background-color has-text-color has-link-color wp-elements-7f955d27d1e225f7fffdac9a1350c346\" style=\"margin-top:0px;margin-bottom:0px;line-height:1.3\"><\/p>\n\n\n\n<p class=\"has-text-align-left list-1\">&#8211; Une partie fixe, qui couvre le programme obligatoire : en effet, pour chaque discipline et chaque niveau de classe, il existe un \u00ab horaire-plancher \u00bb, fix\u00e9 par le cadre r\u00e9glementaire, en-dessous duquel l\u2019\u00e9tablissement ne peut pas descendre.<br>&#8211; Une partie de la DHG est laiss\u00e9e \u00e0 disposition de l\u2019\u00e9tablissement dans le cadre de son autonomie p\u00e9dagogique. Cette marge de man\u0153uvre permet \u00e0 l\u2019\u00e9tablissement d\u2019organiser le soutien scolaire, et de promouvoir certaines options ou langues. Sur la base de la DHG qui lui est allou\u00e9e, le Chef d\u2019Etablissement propose au Conseil d\u2019Administration un projet de r\u00e9partition et d\u2019utilisation de ces moyens. Le Conseil d\u2019Administration est donc appel\u00e9 \u00e0 se prononcer sur la mise en \u0153uvre des moyens allou\u00e9s, et non sur ces moyens eux-m\u00eames.<\/p>\n\n\n\n<p class=\"has-text-align-left\"> <\/p>\n\n\n\n<p class=\"has-text-align-left has-background-color has-text-color has-link-color wp-elements-fd7d8746ec99051c289de12616e22cbf\" style=\"margin-top:0px;margin-bottom:0px;line-height:1.3\">Comment la DHG est-elle calcul\u00e9e ?<br>La Dotation d\u00e9coule du nombre d\u2019\u00e9l\u00e8ves, calcul\u00e9 selon les pr\u00e9visions d\u2019effectifs de l\u2019administration, et se calcule sur la base d\u2019un rapport H\/E (heures par \u00e9l\u00e8ves), impos\u00e9 par l\u2019Inspection ou le Rectorat, et variable suivant les caract\u00e9ristiques de l\u2019\u00e9tablissement.<br>Deux param\u00e8tres peuvent donc \u00eatre utilis\u00e9s pour restreindre les moyens humains mis \u00e0 disposition des \u00e9tablissements, et faire ainsi des \u00e9conomies budg\u00e9taires :<\/p>\n\n\n\n<p class=\"has-text-align-left has-background-color has-text-color has-link-color wp-elements-7f955d27d1e225f7fffdac9a1350c346\" style=\"margin-top:0px;margin-bottom:0px;line-height:1.3\"><\/p>\n\n\n\n<p class=\"has-text-align-left list-1\">&#8211; Sous-estimer les pr\u00e9visions d\u2019effectifs, <br>&#8211; Faire diminuer le rapport H\/E de l\u2019\u00e9tablissement. <\/p>\n\n\n\n<p class=\"has-text-align-left\">De quoi la DHG est-elle constitu\u00e9e ? <br>Les moyens humains mis \u00e0 disposition des chefs d\u2019\u00e9tablissement sont constitu\u00e9s d\u2019heures postes, couvertes par les obligations de service des enseignants, et d\u2019heures suppl\u00e9mentaires, encore appel\u00e9es HSA, ou heures suppl\u00e9mentaires-ann\u00e9e.<\/p>\n\n\n\n<hr class=\"wp-block-separator has-alpha-channel-opacity\"\/>\n\n\n\n<h4 class=\"wp-block-heading has-text-align-center has-text-color has-link-color wp-elements-2f429d7123c3e7444fe5fb926dff46c4\" style=\"color:#d28a42\"><span style=\"text-decoration: underline;\">COMMISSION APPEL D&rsquo;OFFRE :<\/span><\/h4>\n\n\n\n<\/br>\n\n\n\n<p class=\"has-text-align-left\">Elle est charg\u00e9e d\u2019\u00e9tudier les propositions des fournisseurs sollicit\u00e9s lors des appels d\u2019offre \u00e9mis par le lyc\u00e9e dans le cadre des march\u00e9s publics.<\/p>\n","protected":false},"excerpt":{"rendered":"<p>LES COMMISSIONS &amp; LES COMIT\u00c9S LE COMIT\u00c9 HYGI\u00c8NE ET S\u00c9CURIT\u00c9 : Missions : &#8211; Promouvoir la formation \u00e0 la s\u00e9curit\u00e9 &hellip; <\/p>\n<p><a class=\"more-link btn\" href=\"https:\/\/www.perl-asso22.fr\/?page_id=132\">Lire la suite<\/a><\/p>\n","protected":false},"author":1,"featured_media":0,"parent":471,"menu_order":1,"comment_status":"closed","ping_status":"closed","template":"","meta":{"iawp_total_views":127,"footnotes":""},"class_list":["post-132","page","type-page","status-publish","hentry","nodate","item-wrap"],"_links":{"self":[{"href":"https:\/\/www.perl-asso22.fr\/index.php?rest_route=\/wp\/v2\/pages\/132","targetHints":{"allow":["GET"]}}],"collection":[{"href":"https:\/\/www.perl-asso22.fr\/index.php?rest_route=\/wp\/v2\/pages"}],"about":[{"href":"https:\/\/www.perl-asso22.fr\/index.php?rest_route=\/wp\/v2\/types\/page"}],"author":[{"embeddable":true,"href":"https:\/\/www.perl-asso22.fr\/index.php?rest_route=\/wp\/v2\/users\/1"}],"replies":[{"embeddable":true,"href":"https:\/\/www.perl-asso22.fr\/index.php?rest_route=%2Fwp%2Fv2%2Fcomments&post=132"}],"version-history":[{"count":50,"href":"https:\/\/www.perl-asso22.fr\/index.php?rest_route=\/wp\/v2\/pages\/132\/revisions"}],"predecessor-version":[{"id":1632,"href":"https:\/\/www.perl-asso22.fr\/index.php?rest_route=\/wp\/v2\/pages\/132\/revisions\/1632"}],"up":[{"embeddable":true,"href":"https:\/\/www.perl-asso22.fr\/index.php?rest_route=\/wp\/v2\/pages\/471"}],"wp:attachment":[{"href":"https:\/\/www.perl-asso22.fr\/index.php?rest_route=%2Fwp%2Fv2%2Fmedia&parent=132"}],"curies":[{"name":"wp","href":"https:\/\/api.w.org\/{rel}","templated":true}]}}