{"id":1268,"date":"2025-06-11T14:04:07","date_gmt":"2025-06-11T12:04:07","guid":{"rendered":"https:\/\/perl-asso22.fr\/site2025\/?page_id=1268"},"modified":"2025-11-21T08:10:38","modified_gmt":"2025-11-21T07:10:38","slug":"conseil-administration","status":"publish","type":"page","link":"https:\/\/www.perl-asso22.fr\/?page_id=1268","title":{"rendered":"Conseil Administration"},"content":{"rendered":"\n<h3 class=\"wp-block-heading has-text-align-center has-text-color has-link-color wp-elements-378f83a6a22824c1843037ea4e416a58\" style=\"color:#d28a42;text-transform:uppercase\">CONSEIL D&rsquo;ADMINISTRATION<br>lyc\u00e9e professionnel f\u00e9lix le dantec<\/h3>\n\n\n\n<hr class=\"wp-block-separator has-alpha-channel-opacity\"\/>\n\n\n\n<p class=\"has-text-align-left has-text-color has-link-color wp-elements-a619e536bc2cb03eaa6fae831a4bee5a\" style=\"color:#d28a42\"><strong><span style=\"text-decoration: underline;\">Conseils d\u2019Administration du Lyc\u00e9e F\u00e9lix Le Dantec<\/span><\/strong><\/p>\n\n\n\n<p class=\"has-text-align-left\">* Proviseure : Pascale LE FLEM<br>* Proviseur-adjointe LP : Chlo\u00e9 KIDDEM<br>* Adjointe gestionnaire : Patricia FRANCES<\/p>\n\n\n\n<p class=\"has-text-align-left has-text-color has-link-color wp-elements-ae476e4fd290e639854c22282c1ccea2\" style=\"color:#d28a42\"><span style=\"text-decoration: underline;\">Elu(e)s PERL au Conseil d\u2019Administration du Lyc\u00e9e Professionnel (LP)<\/span><\/p>\n\n\n\n<p class=\"has-text-align-left\">* 2 Titulaires : LELIEVRE Fr\u00e9d\u00e9ric et MENEZ C\u00e9cile.<br>* 1 Suppl\u00e9ante : LELIEVRE V\u00e9ronique.<\/p>\n\n\n\n<p class=\"has-text-align-left has-cyan-bluish-gray-color has-text-color has-link-color wp-elements-0b5496912794f096fee1a0c8c421daec\"><strong>La composition compl\u00e8te du CA du LP 2025\/2026 :<\/strong><a href=\"https:\/\/www.perl-asso22.fr\/wp-content\/uploads\/2025\/11\/Membres-CA-2025-2026-LP.pdf\" target=\"_blank\" rel=\"noreferrer noopener\"> <mark style=\"background-color:rgba(0, 0, 0, 0)\" class=\"has-inline-color has-vivid-cyan-blue-color\">ICI<\/mark><\/a><\/p>\n","protected":false},"excerpt":{"rendered":"<p>CONSEIL D&rsquo;ADMINISTRATIONlyc\u00e9e professionnel f\u00e9lix le dantec Conseils d\u2019Administration du Lyc\u00e9e F\u00e9lix Le Dantec * Proviseure : Pascale LE FLEM* Proviseur-adjointe &hellip; <\/p>\n<p><a class=\"more-link btn\" href=\"https:\/\/www.perl-asso22.fr\/?page_id=1268\">Lire la suite<\/a><\/p>\n","protected":false},"author":1,"featured_media":0,"parent":1129,"menu_order":1,"comment_status":"closed","ping_status":"closed","template":"","meta":{"iawp_total_views":16,"footnotes":""},"class_list":["post-1268","page","type-page","status-publish","hentry","nodate","item-wrap"],"_links":{"self":[{"href":"https:\/\/www.perl-asso22.fr\/index.php?rest_route=\/wp\/v2\/pages\/1268","targetHints":{"allow":["GET"]}}],"collection":[{"href":"https:\/\/www.perl-asso22.fr\/index.php?rest_route=\/wp\/v2\/pages"}],"about":[{"href":"https:\/\/www.perl-asso22.fr\/index.php?rest_route=\/wp\/v2\/types\/page"}],"author":[{"embeddable":true,"href":"https:\/\/www.perl-asso22.fr\/index.php?rest_route=\/wp\/v2\/users\/1"}],"replies":[{"embeddable":true,"href":"https:\/\/www.perl-asso22.fr\/index.php?rest_route=%2Fwp%2Fv2%2Fcomments&post=1268"}],"version-history":[{"count":7,"href":"https:\/\/www.perl-asso22.fr\/index.php?rest_route=\/wp\/v2\/pages\/1268\/revisions"}],"predecessor-version":[{"id":2351,"href":"https:\/\/www.perl-asso22.fr\/index.php?rest_route=\/wp\/v2\/pages\/1268\/revisions\/2351"}],"up":[{"embeddable":true,"href":"https:\/\/www.perl-asso22.fr\/index.php?rest_route=\/wp\/v2\/pages\/1129"}],"wp:attachment":[{"href":"https:\/\/www.perl-asso22.fr\/index.php?rest_route=%2Fwp%2Fv2%2Fmedia&parent=1268"}],"curies":[{"name":"wp","href":"https:\/\/api.w.org\/{rel}","templated":true}]}}

<h3 class="wp-block-heading has-text-align-center has-text-color has-link-color wp-elements-378f83a6a22824c1843037ea4e416a58" style="color:#d28a42;text-transform:uppercase">CONSEIL D&rsquo;ADMINISTRATION<br>lycée professionnel félix le dantec</h3>



<hr class="wp-block-separator has-alpha-channel-opacity"/>



<p class="has-text-align-left has-text-color has-link-color wp-elements-a619e536bc2cb03eaa6fae831a4bee5a" style="color:#d28a42"><strong><span style="text-decoration: underline;">Conseils d’Administration du Lycée Félix Le Dantec</span></strong></p>



<p class="has-text-align-left">* Proviseure : Pascale LE FLEM<br>* Proviseur-adjointe LP : Chloé KIDDEM<br>* Adjointe gestionnaire : Patricia FRANCES</p>



<p class="has-text-align-left has-text-color has-link-color wp-elements-ae476e4fd290e639854c22282c1ccea2" style="color:#d28a42"><span style="text-decoration: underline;">Elu(e)s PERL au Conseil d’Administration du Lycée Professionnel (LP)</span></p>



<p class="has-text-align-left">* 2 Titulaires : LELIEVRE Frédéric et MENEZ Cécile.<br>* 1 Suppléante : LELIEVRE Véronique.</p>



<p class="has-text-align-left has-cyan-bluish-gray-color has-text-color has-link-color wp-elements-0b5496912794f096fee1a0c8c421daec"><strong>La composition complète du CA du LP 2025/2026 :</strong><a href="https://www.perl-asso22.fr/wp-content/uploads/2025/11/Membres-CA-2025-2026-LP.pdf" target="_blank" rel="noreferrer noopener"> <mark style="background-color:rgba(0, 0, 0, 0)" class="has-inline-color has-vivid-cyan-blue-color">ICI</mark></a></p>

<p>CONSEIL D&rsquo;ADMINISTRATIONlycée professionnel félix le dantec Conseils d’Administration du Lycée Félix Le Dantec * Proviseure : Pascale LE FLEM* Proviseur-adjointe &hellip; </p>
<p><a class="more-link btn" href="https://www.perl-asso22.fr/?page_id=1268">Lire la suite</a></p>
