{"id":1152,"date":"2025-06-11T09:52:53","date_gmt":"2025-06-11T07:52:53","guid":{"rendered":"https:\/\/perl-asso22.fr\/site2025\/?page_id=1152"},"modified":"2025-06-19T08:08:10","modified_gmt":"2025-06-19T06:08:10","slug":"parents-delegues","status":"publish","type":"page","link":"https:\/\/www.perl-asso22.fr\/?page_id=1152","title":{"rendered":"Parents D\u00e9l\u00e9gu\u00e9s"},"content":{"rendered":"\n<h3 class=\"wp-block-heading has-text-align-center has-text-color has-link-color wp-elements-1394dbea807895ffaaadb3727af661f7\" style=\"color:#d28a42\">PARENTS D\u00c9L\u00c9GU\u00c9S<\/h3>\n\n\n\n<hr class=\"wp-block-separator has-alpha-channel-opacity\"\/>\n\n\n\n<p class=\"has-text-align-left has-text-color has-link-color wp-elements-32bd9bb23bc42dd78e3a596c58d2a182\" style=\"color:#d28a42\"><strong>I. <\/strong><span style=\"text-decoration: underline;\"><strong>Quelques conseils avant le conseil<\/strong><\/span><\/p>\n\n\n\n<p class=\"has-text-align-left\">L\u2019id\u00e9al est de vous arranger entre parents d\u00e9l\u00e9gu\u00e9s pour vous r\u00e9partir les t\u00e2ches :<\/p>\n\n\n\n<ul class=\"wp-block-list\">\n<li>distribution des questionnaires,<\/li>\n\n\n\n<li>prise de notes lors du conseil de classe,<\/li>\n\n\n\n<li>r\u00e9daction du compte-rendu (CR) sous 48h.<\/li>\n<\/ul>\n\n\n\n<p><\/p>\n\n\n\n<p class=\"has-text-align-left\">Synchronisez-vous au pr\u00e9alable avec le repr\u00e9sentant FCPE afin de bien g\u00e9rer les questions \u00e0 poser.<\/p>\n\n\n\n<p class=\"has-text-align-left\">Lorsque vous \u00eates titulaire, veillez \u00e0 bien int\u00e9grer les suppl\u00e9ants, notamment en terme de diffusion du compte-rendu \u00e0 l&rsquo;issue du conseil de classe.<br>Et n&rsquo;oubliez pas de transmettre votre CR \u00e0 la PERL en m\u00eame temps !<\/p>\n\n\n\n<p class=\"has-text-align-left has-text-color has-link-color wp-elements-dc62c91339c21081efb9e73bd83280fa\" style=\"color:#d28a42\"><strong>II. <span style=\"text-decoration: underline;\">Les documents utiles<\/span><\/strong><\/p>\n\n\n\n<p class=\"has-text-align-left\">Les supports dont vous pouvez avoir besoin pour d\u00e9marrer si vous n\u2019avez jamais assist\u00e9 \u00e0 un conseil de classe sont disponibles dans les menus \u00ab\u00a0Coll\u00e8ges\u00a0\u00bb ou \u00ab\u00a0Lyc\u00e9es\u00a0\u00bb en s\u00e9lectionnant votre \u00e9tablissement et en choisissant \u00ab\u00a0Conseils de Classes\u00a0\u00bb, ou avec les liens si-dessous :<\/p>\n\n\n\n<ul class=\"wp-block-list has-vivid-cyan-blue-color has-text-color has-link-color wp-elements-29bec3d8489bd7309f50cfa1d6ba1397\">\n<li class=\"has-vivid-cyan-blue-color has-text-color has-link-color wp-elements-15f46a053ed83afc526670ddda57ea8f\"><a href=\"https:\/\/perl-asso22.fr\/?page_id=1183\" data-type=\"link\" data-id=\"https:\/\/perl-asso22.fr\/?page_id=1183\">\u00ab\u00a0Lyc\u00e9e G\u00e9n\u00e9ral &amp; Technologique Le Dantec\u00a0\u00bb,<\/a><\/li>\n\n\n\n<li><a href=\"https:\/\/perl-asso22.fr\/?page_id=1201\" data-type=\"link\" data-id=\"https:\/\/perl-asso22.fr\/?page_id=1201\">\u00ab\u00a0Lyc\u00e9e Professionnel Le Dantec\u00a0\u00bb,<\/a><\/li>\n\n\n\n<li class=\"has-vivid-cyan-blue-color has-text-color has-link-color wp-elements-10df680dd1d81ef7842baa3e2f53e25d\"><a href=\"https:\/\/perl-asso22.fr\/?page_id=1190\" data-type=\"link\" data-id=\"https:\/\/perl-asso22.fr\/?page_id=1190\">\u00ab\u00a0Coll\u00e8ge Le Goffic\u00a0\u00bb,<\/a><\/li>\n\n\n\n<li class=\"has-vivid-cyan-blue-color has-text-color has-link-color wp-elements-ee050d0019254a88bd03af58a4987f2b\"><a href=\"https:\/\/perl-asso22.fr\/?page_id=1194\" data-type=\"link\" data-id=\"https:\/\/perl-asso22.fr\/?page_id=1194\">\u00ab\u00a0Coll\u00e8ge Les 7 Iles\u00a0\u00bb.<\/a><\/li>\n<\/ul>\n\n\n\n<p><\/p>\n","protected":false},"excerpt":{"rendered":"<p>PARENTS D\u00c9L\u00c9GU\u00c9S I. Quelques conseils avant le conseil L\u2019id\u00e9al est de vous arranger entre parents d\u00e9l\u00e9gu\u00e9s pour vous r\u00e9partir les &hellip; <\/p>\n<p><a class=\"more-link btn\" href=\"https:\/\/www.perl-asso22.fr\/?page_id=1152\">Lire la suite<\/a><\/p>\n","protected":false},"author":1,"featured_media":0,"parent":471,"menu_order":3,"comment_status":"closed","ping_status":"closed","template":"","meta":{"iawp_total_views":69,"footnotes":""},"class_list":["post-1152","page","type-page","status-publish","hentry","nodate","item-wrap"],"_links":{"self":[{"href":"https:\/\/www.perl-asso22.fr\/index.php?rest_route=\/wp\/v2\/pages\/1152","targetHints":{"allow":["GET"]}}],"collection":[{"href":"https:\/\/www.perl-asso22.fr\/index.php?rest_route=\/wp\/v2\/pages"}],"about":[{"href":"https:\/\/www.perl-asso22.fr\/index.php?rest_route=\/wp\/v2\/types\/page"}],"author":[{"embeddable":true,"href":"https:\/\/www.perl-asso22.fr\/index.php?rest_route=\/wp\/v2\/users\/1"}],"replies":[{"embeddable":true,"href":"https:\/\/www.perl-asso22.fr\/index.php?rest_route=%2Fwp%2Fv2%2Fcomments&post=1152"}],"version-history":[{"count":36,"href":"https:\/\/www.perl-asso22.fr\/index.php?rest_route=\/wp\/v2\/pages\/1152\/revisions"}],"predecessor-version":[{"id":1940,"href":"https:\/\/www.perl-asso22.fr\/index.php?rest_route=\/wp\/v2\/pages\/1152\/revisions\/1940"}],"up":[{"embeddable":true,"href":"https:\/\/www.perl-asso22.fr\/index.php?rest_route=\/wp\/v2\/pages\/471"}],"wp:attachment":[{"href":"https:\/\/www.perl-asso22.fr\/index.php?rest_route=%2Fwp%2Fv2%2Fmedia&parent=1152"}],"curies":[{"name":"wp","href":"https:\/\/api.w.org\/{rel}","templated":true}]}}

Parents Délégués

<h3 class="wp-block-heading has-text-align-center has-text-color has-link-color wp-elements-1394dbea807895ffaaadb3727af661f7" style="color:#d28a42">PARENTS DÉLÉGUÉS</h3>



<hr class="wp-block-separator has-alpha-channel-opacity"/>



<p class="has-text-align-left has-text-color has-link-color wp-elements-32bd9bb23bc42dd78e3a596c58d2a182" style="color:#d28a42"><strong>I. </strong><span style="text-decoration: underline;"><strong>Quelques conseils avant le conseil</strong></span></p>



<p class="has-text-align-left">L’idéal est de vous arranger entre parents délégués pour vous répartir les tâches :</p>



<ul class="wp-block-list">
<li>distribution des questionnaires,</li>



<li>prise de notes lors du conseil de classe,</li>



<li>rédaction du compte-rendu (CR) sous 48h.</li>
</ul>



<p></p>



<p class="has-text-align-left">Synchronisez-vous au préalable avec le représentant FCPE afin de bien gérer les questions à poser.</p>



<p class="has-text-align-left">Lorsque vous êtes titulaire, veillez à bien intégrer les suppléants, notamment en terme de diffusion du compte-rendu à l&rsquo;issue du conseil de classe.<br>Et n&rsquo;oubliez pas de transmettre votre CR à la PERL en même temps !</p>



<p class="has-text-align-left has-text-color has-link-color wp-elements-dc62c91339c21081efb9e73bd83280fa" style="color:#d28a42"><strong>II. <span style="text-decoration: underline;">Les documents utiles</span></strong></p>



<p class="has-text-align-left">Les supports dont vous pouvez avoir besoin pour démarrer si vous n’avez jamais assisté à un conseil de classe sont disponibles dans les menus « Collèges » ou « Lycées » en sélectionnant votre établissement et en choisissant « Conseils de Classes », ou avec les liens si-dessous :</p>



<ul class="wp-block-list has-vivid-cyan-blue-color has-text-color has-link-color wp-elements-29bec3d8489bd7309f50cfa1d6ba1397">
<li class="has-vivid-cyan-blue-color has-text-color has-link-color wp-elements-15f46a053ed83afc526670ddda57ea8f"><a href="https://perl-asso22.fr/?page_id=1183" data-type="link" data-id="https://perl-asso22.fr/?page_id=1183">« Lycée Général &amp; Technologique Le Dantec »,</a></li>



<li><a href="https://perl-asso22.fr/?page_id=1201" data-type="link" data-id="https://perl-asso22.fr/?page_id=1201">« Lycée Professionnel Le Dantec »,</a></li>



<li class="has-vivid-cyan-blue-color has-text-color has-link-color wp-elements-10df680dd1d81ef7842baa3e2f53e25d"><a href="https://perl-asso22.fr/?page_id=1190" data-type="link" data-id="https://perl-asso22.fr/?page_id=1190">« Collège Le Goffic »,</a></li>



<li class="has-vivid-cyan-blue-color has-text-color has-link-color wp-elements-ee050d0019254a88bd03af58a4987f2b"><a href="https://perl-asso22.fr/?page_id=1194" data-type="link" data-id="https://perl-asso22.fr/?page_id=1194">« Collège Les 7 Iles ».</a></li>
</ul>



<p></p>

<p>PARENTS DÉLÉGUÉS I. Quelques conseils avant le conseil L’idéal est de vous arranger entre parents délégués pour vous répartir les &hellip; </p>
<p><a class="more-link btn" href="https://www.perl-asso22.fr/?page_id=1152">Lire la suite</a></p>
