{"id":1121,"date":"2025-06-10T10:35:37","date_gmt":"2025-06-10T08:35:37","guid":{"rendered":"https:\/\/perl-asso22.fr\/site2025\/?page_id=1121"},"modified":"2025-06-19T07:57:37","modified_gmt":"2025-06-19T05:57:37","slug":"nos-valeurs","status":"publish","type":"page","link":"https:\/\/www.perl-asso22.fr\/?page_id=1121","title":{"rendered":"Nos Valeurs"},"content":{"rendered":"\n<h3 class=\"wp-block-heading has-text-align-center has-text-color has-link-color wp-elements-cbef1583f82151dd004afe8bdc7059d3\" style=\"color:#d28a42\">NOS VALEURS<\/h3>\n\n\n\n<hr class=\"wp-block-separator has-alpha-channel-opacity\"\/>\n\n\n\n<p class=\"has-text-align-left text-test\">La PERL repr\u00e9sente les familles, en toute ind\u00e9pendance, et sans appartenance politique, religieuse ou syndicale.<br>Association d\u2019ancrage local, elle fonctionne exclusivement avec des entreprises du Tr\u00e9gor (impressions, fournitures, &#8230;).<br>Elle regroupe des parents issus d\u2019horizons divers qui partagent les m\u00eames valeurs\u00a0:<\/p>\n\n\n\n<p class=\"has-text-align-left list-1\"><mark style=\"background-color:rgba(0, 0, 0, 0);color:#d28a42\" class=\"has-inline-color\">&#8211; Primaut\u00e9 \u00e9ducative des parents,<\/mark><br><mark style=\"background-color:rgba(0, 0, 0, 0);color:#d28a42\" class=\"has-inline-color\">&#8211; Epanouissement de la personnalit\u00e9 de l\u2019\u00e9l\u00e8ve,<\/mark><br><mark style=\"background-color:rgba(0, 0, 0, 0);color:#d28a42\" class=\"has-inline-color\">&#8211; Ind\u00e9pendance et diversit\u00e9,<\/mark><br><mark style=\"background-color:rgba(0, 0, 0, 0);color:#d28a42\" class=\"has-inline-color\">&#8211; \u00c9coute et dialogue,<\/mark><br><mark style=\"background-color:rgba(0, 0, 0, 0);color:#d28a42\" class=\"has-inline-color\">=> Au service des parents et des \u00e9l\u00e8ves.<\/mark><\/p>\n\n\n\n<p class=\"has-text-align-left text-test\">Les parents volontaires interviennent :<\/p>\n\n\n\n<p class=\"has-text-align-left list-1\">\u2022 Aux conseils de classe en tant que porte-parole des familles.<br>\u2022 Aux conseils d\u2019administration des coll\u00e8ges Coppens, Le Goffic, les 7 Iles, et du lyc\u00e9e F\u00e9lix Le\u00a0Dantec en tant que force de proposition et de r\u00e9flexion.<br>\u2022 Aux diff\u00e9rentes commissions telles que : hygi\u00e8ne et s\u00e9curit\u00e9, \u00e9ducation \u00e0 la sant\u00e9 et \u00e0 la citoyennet\u00e9, fonds sociaux, appels d\u2019offres, vie lyc\u00e9enne, conseils de discipline, \u2026<\/p>\n\n\n\n<p class=\"has-text-align-left text-test\">Ils veillent au bon d\u00e9roulement de la vie scolaire.<br><br>Ils agissent :<\/p>\n\n\n\n<p class=\"has-text-align-left list-1\">\u2022 Pour le maintien de la qualit\u00e9 de l\u2019enseignement et de l\u2019accueil des lyc\u00e9ens et des coll\u00e9giens\u00a0: interventions gymnase, infirmerie, assistance sociale, internat, transports, \u2026<br>\u2022 \u00c0 travers un soutien financier\u00a0: Foyers socio-\u00e9ducatifs, Sup\u2019Armor, Cinestival, \u2026<\/p>\n","protected":false},"excerpt":{"rendered":"<p>NOS VALEURS La PERL repr\u00e9sente les familles, en toute ind\u00e9pendance, et sans appartenance politique, religieuse ou syndicale.Association d\u2019ancrage local, elle &hellip; <\/p>\n<p><a class=\"more-link btn\" href=\"https:\/\/www.perl-asso22.fr\/?page_id=1121\">Lire la suite<\/a><\/p>\n","protected":false},"author":1,"featured_media":0,"parent":1118,"menu_order":0,"comment_status":"closed","ping_status":"closed","template":"","meta":{"iawp_total_views":99,"footnotes":""},"class_list":["post-1121","page","type-page","status-publish","hentry","nodate","item-wrap"],"_links":{"self":[{"href":"https:\/\/www.perl-asso22.fr\/index.php?rest_route=\/wp\/v2\/pages\/1121","targetHints":{"allow":["GET"]}}],"collection":[{"href":"https:\/\/www.perl-asso22.fr\/index.php?rest_route=\/wp\/v2\/pages"}],"about":[{"href":"https:\/\/www.perl-asso22.fr\/index.php?rest_route=\/wp\/v2\/types\/page"}],"author":[{"embeddable":true,"href":"https:\/\/www.perl-asso22.fr\/index.php?rest_route=\/wp\/v2\/users\/1"}],"replies":[{"embeddable":true,"href":"https:\/\/www.perl-asso22.fr\/index.php?rest_route=%2Fwp%2Fv2%2Fcomments&post=1121"}],"version-history":[{"count":54,"href":"https:\/\/www.perl-asso22.fr\/index.php?rest_route=\/wp\/v2\/pages\/1121\/revisions"}],"predecessor-version":[{"id":1639,"href":"https:\/\/www.perl-asso22.fr\/index.php?rest_route=\/wp\/v2\/pages\/1121\/revisions\/1639"}],"up":[{"embeddable":true,"href":"https:\/\/www.perl-asso22.fr\/index.php?rest_route=\/wp\/v2\/pages\/1118"}],"wp:attachment":[{"href":"https:\/\/www.perl-asso22.fr\/index.php?rest_route=%2Fwp%2Fv2%2Fmedia&parent=1121"}],"curies":[{"name":"wp","href":"https:\/\/api.w.org\/{rel}","templated":true}]}}

<h3 class="wp-block-heading has-text-align-center has-text-color has-link-color wp-elements-cbef1583f82151dd004afe8bdc7059d3" style="color:#d28a42">NOS VALEURS</h3>



<hr class="wp-block-separator has-alpha-channel-opacity"/>



<p class="has-text-align-left text-test">La PERL représente les familles, en toute indépendance, et sans appartenance politique, religieuse ou syndicale.<br>Association d’ancrage local, elle fonctionne exclusivement avec des entreprises du Trégor (impressions, fournitures, &#8230;).<br>Elle regroupe des parents issus d’horizons divers qui partagent les mêmes valeurs :</p>



<p class="has-text-align-left list-1"><mark style="background-color:rgba(0, 0, 0, 0);color:#d28a42" class="has-inline-color">&#8211; Primauté éducative des parents,</mark><br><mark style="background-color:rgba(0, 0, 0, 0);color:#d28a42" class="has-inline-color">&#8211; Epanouissement de la personnalité de l’élève,</mark><br><mark style="background-color:rgba(0, 0, 0, 0);color:#d28a42" class="has-inline-color">&#8211; Indépendance et diversité,</mark><br><mark style="background-color:rgba(0, 0, 0, 0);color:#d28a42" class="has-inline-color">&#8211; Écoute et dialogue,</mark><br><mark style="background-color:rgba(0, 0, 0, 0);color:#d28a42" class="has-inline-color">=> Au service des parents et des élèves.</mark></p>



<p class="has-text-align-left text-test">Les parents volontaires interviennent :</p>



<p class="has-text-align-left list-1">• Aux conseils de classe en tant que porte-parole des familles.<br>• Aux conseils d’administration des collèges Coppens, Le Goffic, les 7 Iles, et du lycée Félix Le Dantec en tant que force de proposition et de réflexion.<br>• Aux différentes commissions telles que : hygiène et sécurité, éducation à la santé et à la citoyenneté, fonds sociaux, appels d’offres, vie lycéenne, conseils de discipline, …</p>



<p class="has-text-align-left text-test">Ils veillent au bon déroulement de la vie scolaire.<br><br>Ils agissent :</p>



<p class="has-text-align-left list-1">• Pour le maintien de la qualité de l’enseignement et de l’accueil des lycéens et des collégiens : interventions gymnase, infirmerie, assistance sociale, internat, transports, …<br>• À travers un soutien financier : Foyers socio-éducatifs, Sup’Armor, Cinestival, …</p>

<p>NOS VALEURS La PERL représente les familles, en toute indépendance, et sans appartenance politique, religieuse ou syndicale.Association d’ancrage local, elle &hellip; </p>
<p><a class="more-link btn" href="https://www.perl-asso22.fr/?page_id=1121">Lire la suite</a></p>
